7 (base 8) to base 9.
7
67 (base 13) to base 6
221
What is -130 (base 4) in base 2?
-11100
Convert 15 (base 10) to base 11.
14
103 (base 9) to base 11
77
What is 271 (base 11) in base 2?
101000000
Convert 10 (base 3) to base 12.
3
8 (base 13) to base 6
12
Convert 33 (base 4) to base 9.
16
1021 (base 3) to base 4
202
5 (base 10) to base 3
12
Convert 111 (base 10) to base 6.
303
b7 (base 13) to base 12
106
1 (base 12) to base 7
1
Convert 6 (base 16) to base 5.
11
-216 (base 7) to base 10
-111
What is 23 (base 7) in base 14?
13
-1301 (base 5) to base 13
-126
What is -10b (base 12) in base 14?
-b1
Convert -3 (base 12) to base 6.
-3
Convert b (base 14) to base 6.
15
Convert -144 (base 7) to base 16.
-51
Convert -35 (base 8) to base 6.
-45
What is 4 (base 16) in base 6?
4
Convert 2 (base 13) to base 5.
2
What is -2 (base 8) in base 2?
-10
-623 (base 8) to base 11
-337
Convert -11 (base 4) to base 12.
-5
-50 (base 7) to base 2
-100011
Convert -161 (base 8) to base 15.
-78
Convert 0 (base 8) to base 12.
0
-7 (base 11) to base 5
-12
Convert 24 (base 5) to base 10.
14
-252 (base 6) to base 2
-1101000
What is -14 (base 9) in base 4?
-31
6 (base 14) to base 15
6
-11 (base 11) to base 15
-c
What is -3 (base 6) in base 3?
-10
What is -7 (base 13) in base 12?
-7
What is -10 (base 5) in base 7?
-5
Convert 9 (base 12) to base 13.
9
Convert 1 (base 4) to base 14.
1
What is -2d (base 15) in base 2?
-101011
What is 0 (base 7) in base 2?
0
-11110011 (base 2) to base 5
-1433
What is 101 (base 2) in base 5?
10
What is -9 (base 16) in base 11?
-9
Convert -1132 (base 4) to base 9.
-114
Convert 342 (base 5) to base 16.
61
Convert -3231 (base 4) to base 9.
-283
Convert 105 (base 10) to base 8.
151
Convert -1 (base 12) to base 2.
-1
0 (base 12) to base 6
0
Convert -5 (base 16) to base 13.
-5
Convert -5 (base 10) to base 5.
-10
111 (base 2) to base 7
10
What is -303 (base 4) in base 9?
-56
What is -27 (base 8) in base 3?
-212
376 (base 8) to base 11
211
29 (base 13) to base 6
55
What is -1001 (base 2) in base 8?
-11
Convert -6 (base 10) to base 4.
-12
222 (base 4) to base 15
2c
Convert -221 (base 6) to base 15.
-5a
Convert 0 (base 6) to base 14.
0
Convert -20122 (base 3) to base 16.
-b3
Convert 10001101 (base 2) to base 3.
12020
Convert -30 (base 13) to base 5.
-124
27 (base 9) to base 7
34
Convert -22 (base 7) to base 6.
-24
Convert -d (base 14) to base 15.
-d
Convert 73 (base 9) to base 13.
51
What is 7 (base 9) in base 6?
11
20 (base 4) to base 5
13
Convert -44 (base 6) to base 3.
-1001
Convert -2 (base 16) to base 7.
-2
-10 (base 10) to base 11
-a
-7 (base 10) to base 13
-7
Convert -27 (base 8) to base 9.
-25
What is 0 (base 4) in base 15?
0
-29 (base 14) to base 7
-52
What is 7 (base 15) in base 8?
7
Convert -156 (base 8) to base 13.
-86
72 (base 9) to base 15
45
5 (base 7) to base 4
11
84 (base 10) to base 8
124
Convert -1 (base 5) to base 9.
-1
-10 (base 2) to base 8
-2
-17 (base 9) to base 4
-100
What is 2 (base 11) in base 16?
2
What is 11 (base 5) in base 8?
6
32 (base 4) to base 5
24
-29 (base 15) to base 14
-2b
Convert -2022 (base 3) to base 12.
-52
What is 8 (base 9) in base 14?
8
-82 (base 14) to base 15
-79
-30 (base 5) to base 8
-17
What is -3 (base 10) in base 3?
-10
Convert 10 (base 9) to base 4.
21
-9 (base 12) to base 15
-9
Convert 4 (base 6) to base 14.
4
11 (base 8) to base 12
9
Convert -12 (base 5) to base 12.
-7
What is 10 (base 4) in base 10?
4
What is 6 (base 9) in base 12?
6
What is 2 (base 3) in base 14?
2
-79 (base 12) to base 9
-113
231 (base 5) to base 4
1002
Convert -7 (base 8) to base 11.
-7
What is -2 (base 13) in base 11?
-2
What is 1 (base 9) in base 10?
1
Convert -10 (base 2) to base 15.
-2
Convert -430 (base 6) to base 7.
-321
100 (base 2) to base 12
4
What is -6 (base 13) in base 12?
-6
Convert 17 (base 8) to base 11.
14
-10110100 (base 2) to base 15
-c0
What is 208 (base 9) in base 12?
122
-135 (base 7) to base 15
-50
What is -5 (base 14) in base 11?
-5
-4 (base 12) to base 13
-4
Convert 1 (base 14) to base 5.
1
Convert -3 (base 8) to base 4.
-3
-2 (base 8) to base 3
-2
Convert -c6 (base 13) to base 3.
-20000
212 (base 3) to base 4
113
350 (base 7) to base 6
502
-6 (base 13) to base 14
-6
What is -5 (base 11) in base 10?
-5
-1c (base 15) to base 2
-11011
What is -11010101 (base 2) in base 5?
-1323
What is 4 (base 6) in base 9?
4
Convert -213 (base 5) to base 15.
-3d
Convert 4 (base 5) to base 14.
4
What is -16 (base 16) in base 12?
-1a
Convert 2 (base 14) to base 13.
2
-5 (base 6) to base 9
-5
1432 (base 5) to base 13
158
What is 403 (base 5) in base 6?
251
-56 (base 16) to base 9
-105
444 (base 6) to base 7
334
Convert 0 (base 6) to base 3.
0
-205 (base 6) to base 10
-77
-ba (base 15) to base 16
-af
What is 45 (base 6) in base 13?
23
4 (base 9) to base 8
4
Convert -31 (base 14) to base 13.
-34
What is -52 (base 13) in base 12?
-57
Convert 1 (base 15) to base 12.
1
Convert -23 (base 9) to base 3.
-210
-310 (base 5) to base 2
-1010000
-12 (base 6) to base 4
-20
4 (base 9) to base 6
4
What is 23 (base 16) in base 7?
50
What is -67 (base 8) in base 11?
-50
Convert 2 (base 13) to base 5.
2
16 (base 16) to base 8
26
3 (base 12) to base 2
11
20 (base 16) to base 3
1012
-10 (base 6) to base 14
-6
Convert -b2 (base 14) to base 2.
-10011100
-5 (base 15) to base 12
-5
Convert 163 (base 7) to base 16.
5e
Convert 31 (base 12) to base 13.
2b
What is -a (base 14) in base 16?
-a
What is -10 (base 2) in base 15?
-2
100 (base 3) to base 2
1001
-65 (base 13) to base 7
-146
Convert 1 (base 2) to base 14.
1
4 (base 13) to base 11
4
What is -10 (base 9) in base 3?
-100
-53 (base 6) to base 14
-25
-100101 (base 2) to base 8
-45
What is 13 (base 4) in base 7?
10
Convert -251 (base 8) to base 9.
-207
What is 1110 (base 3) in base 16?
27
Convert 2 (base 5) to base 11.
2
Convert -101 (base 2) to base 16.
-5
Convert -10101 (base 3) to base 11.
-83
Convert 101 (base 7) to base 10.
50
Convert -10 (base 6) to base 7.
-6
What is 11 (base 3) in base 9?
4
Convert 122 (base 3) to base 15.
12
What is -2 (base 16) in base 13?
-2
Convert 2 (base 7) to base 2.
10
What is -101000110 (base 2) in base 12?
-232
-1 (base 2) to base 7
-1
-4 (base 11) to base 10
-4
Convert 100 (base 4) to base 16.
10
What is -111 (base 2) in base 11?
-7
Convert 11 (base 2) to base 3.
10
What is -173 (base 8) in base 11?
-102
What is 6 (base 10) in base 13?
6
Convert -4 (base 10) to base 5.
-4
What is 1 (base 16) in base 2?
1
Convert 3 (base 8) to base 9.
3
Convert -1d (base 14) to base 3.
-1000
What is 54 (base 11) in base 2?
111011
Convert 10022 (base 3) to base 9.
108
Convert -c (base 15) to base 5.
-22
Convert -130 (base 7) to base 3.
-2121
What is 1 (base 14) in base 10?
1
What is 8 (base 14) in base 12?
8
Convert 2 (base 10) to base 16.
2
What is -10 (base 13) in base 11?
-12
Convert -11 (base 6) to base 5.
-12
What is cc (base 14) in base 16?
b4
63 (base 10) to base 13
4b
3 (base 15) to base 14
3
11 (base 4) to base 11
5
Convert 1 (base 11) to base 6.
1
What is -6e (base 16) in base 11?
-a0
-6 (base 8) to base 9
-6
Convert -1 (base 6) to base 11.
-1
-1 (base 2) to base 4
-1
What is -53 (base 12) in base 3?
-2100
What is -10 (base 3) in base 4?
-3
Convert 11 (base 5) to base 13.
6
Convert -2 (base 16) to base 2.
-10
-11110 (base 3) to base 15
-80
Convert 19 (base 16) to base 6.
41
What is 19 (base 11) in base 8?
24
What is -7 (base 12) in base 7?
-10
Convert -4 (base 8) to base 6.
-4
What is 1 (base 9) in base 16?
1
113 (base 7) to base 16
3b
-24 (base 10) to base 7
-33
What is 60 (base 10) in base 15?
40
-1110001 (base 2) to base 10
-113
What is 36 (base 8) in base 13?
24
Convert -101 (base 8) to base 5.
-230
121 (base 5) to base 11
33
Convert -11 (base 9) to base 15.
-a
Convert -6b (base 12) to base 11.
-76
18 (base 14) to base 16
16
-5 (base 10) to base 16
-5
Convert 187 (base 11) to base 7.
426
What is 15 (base 14) in base 4?
103
What is 3 (base 7) in base 9?
3
Convert -12 (base 12) to base 9.
-15
What is -1332 (base 4) in base 9?
-150
2 (base 13) to base 16
2
Convert -101 (base 2) to base 7.
-5
-1 (base 15) to base 4
-1
Convert 2 (base 6) to base 3.
2
-154 (base 7) to base 11
-80
-2 (base 14) to base 5
-2
-11 (base 12) to base 6
-21
35 (base 10) to base 3
1022
Convert 101 (base 